are the prime factors of 2174?
2, 1087
List the prime factors of 9381.
3, 53, 59
List the prime factors of 6518.
2, 3259
What are the prime factors of 289?
17
What are the prime factors of 36510?
2, 3, 5, 1217
List the prime factors of 138077.
138077
What are the prime factors of 18144?
2, 3, 7
What are the prime factors of 1656?
2, 3, 23
List the prime factors of 1651.
13, 127
What are the prime factors of 136086?
2, 3, 37, 613
What are the prime factors of 2784?
2, 3, 29
List the prime factors of 3802.
2, 1901
What are the prime factors of 7813?
13, 601
List the prime factors of 2052.
2, 3, 19
List the prime factors of 2241.
3, 83
List the prime factors of 1344.
2, 3, 7
What are the prime factors of 5466?
2, 3, 911
What are the prime factors of 139136?
2, 1087
What are the prime factors of 5220?
2, 3, 5, 29
List the prime factors of 4106.
2, 2053
What are the prime factors of 97804?
2, 7, 499
List the prime factors of 1268.
2, 317
What are the prime factors of 40850?
2, 5, 19, 43
List the prime factors of 92.
2, 23
List the prime factors of 30978.
2, 3, 1721
List the prime factors of 1776.
2, 3, 37
What are the prime factors of 287?
7, 41
List the prime factors of 50506.
2, 25253
What are the prime factors of 252?
2, 3, 7
List the prime factors of 37111.
17, 37, 59
List the prime factors of 59402.
2, 7, 4243
List the prime factors of 88058.
2, 44029
List the prime factors of 25232.
2, 19, 83
What are the prime factors of 12363?
3, 13, 317
What are the prime factors of 2122?
2, 1061
List the prime factors of 5693.
5693
What are the prime factors of 11178?
2, 3, 23
List the prime factors of 57808.
2, 3613
List the prime factors of 1681.
41
List the prime factors of 54396.
2, 3, 1511
What are the prime factors of 1501?
19, 79
List the prime factors of 49163.
211, 233
List the prime factors of 19578.
2, 3, 13, 251
What are the prime factors of 74258?
2, 107, 347
List the prime factors of 3702.
2, 3, 617
List the prime factors of 874.
2, 19, 23
What are the prime factors of 1763?
41, 43
What are the prime factors of 2517?
3, 839
What are the prime factors of 52948?
2, 7, 31, 61
List the prime factors of 1074.
2, 3, 179
List the prime factors of 35086.
2, 53, 331
List the prime factors of 20300.
2, 5, 7, 29
What are the prime factors of 4189?
59, 71
List the prime factors of 7706.
2, 3853
What are the prime factors of 625?
5
What are the prime factors of 75171?
3, 25057
What are the prime factors of 31785?
3, 5, 13, 163
List the prime factors of 2525.
5, 101
What are the prime factors of 880?
2, 5, 11
What are the prime factors of 15975?
3, 5, 71
What are the prime factors of 21847?
7, 3121
What are the prime factors of 73364?
2, 18341
What are the prime factors of 15559?
15559
What are the prime factors of 8790?
2, 3, 5, 293
What are the prime factors of 9321?
3, 13, 239
What are the prime factors of 116?
2, 29
List the prime factors of 41186.
2, 20593
What are the prime factors of 1805?
5, 19
List the prime factors of 28630.
2, 5, 7, 409
What are the prime factors of 1170?
2, 3, 5, 13
List the prime factors of 5770.
2, 5, 577
What are the prime factors of 563?
563
What are the prime factors of 2788?
2, 17, 41
What are the prime factors of 4436?
2, 1109
What are the prime factors of 10138?
2, 37, 137
List the prime factors of 12179.
19, 641
List the prime factors of 4.
2
List the prime factors of 10519.
67, 157
List the prime factors of 15511.
15511
What are the prime factors of 2689?
2689
What are the prime factors of 3154?
2, 19, 83
What are the prime factors of 20157?
3, 6719
List the prime factors of 27168.
2, 3, 283
What are the prime factors of 45917?
17, 37, 73
What are the prime factors of 1586?
2, 13, 61
What are the prime factors of 8934?
2, 3, 1489
List the prime factors of 120347.
151, 797
What are the prime factors of 1833?
3, 13, 47
List the prime factors of 11677.
11677
What are the prime factors of 937?
937
What are the prime factors of 36905?
5, 11, 61
List the prime factors of 7417.
7417
What are the prime factors of 10546?
2, 5273
List the prime factors of 4445.
5, 7, 127
What are the prime factors of 12596?
2, 47, 67
List the prime factors of 532.
2, 7, 19
What are the prime factors of 6778?
2, 3389
List the prime factors of 104082.
2, 3, 11, 19, 83
What are the prime factors of 9259?
47, 197
What are the prime factors of 22825?
5, 11, 83
List the prime factors of 35837.
35837
What are the prime factors of 6258?
2, 3, 7, 149
What are the prime factors of 30116?
2, 7529
List the prime factors of 6177.
3, 29, 71
List the prime factors of 478.
2, 239
What are the prime factors of 25037?
25037
List the prime factors of 5925.
3, 5, 79
List the prime factors of 1171.
1171
List the prime factors of 4812.
2, 3, 401
List the prime factors of 1291.
1291
List the prime factors of 203.
7, 29
List the prime factors of 1175.
5, 47
List the prime factors of 83699.
7, 11, 1087
What are the prime factors of 2225?
5, 89
What are the prime factors of 17675?
5, 7, 101
What are the prime factors of 20187?
3, 2243
List the prime factors of 734.
2, 367
List the prime factors of 1345.
5, 269
List the prime factors of 82237.
82237
List the prime factors of 1524.
2, 3, 127
What are the prime factors of 38629?
38629
List the prime factors of 26196.
2, 3, 37, 59
What are the prime factors of 10698?
2, 3, 1783
List the prime factors of 14657.
14657
List the prime factors of 17586.
2, 3, 977
What are the prime factors of 7450?
2, 5, 149
What are the prime factors of 3835?
5, 13, 59
List the prime factors of 937.
937
What are the prime factors of 31120?
2, 5, 389
What are the prime factors of 12295?
5, 2459
List the prime factors of 65400.
2, 3, 5, 109
List the prime factors of 1090.
2, 5, 109
What are the prime factors of 167216?
2, 7, 1493
List the prime factors of 2243.
2243
List the prime factors of 101814.
2, 3, 71, 239
What are the prime factors of 1044?
2, 3, 29
List the prime factors of 4723.
4723
What are the prime factors of 10641?
3, 3547
What are the prime factors of 1062?
2, 3, 59
List the prime factors of 7443.
3, 827
List the prime factors of 118.
2, 59
List the prime factors of 2845.
5, 569
What are the prime factors of 897?
3, 13, 23
List the prime factors of 8704.
2, 17
List the prime factors of 48313.
48313
What are the prime factors of 2783?
11, 23
What are the prime factors of 40645?
5, 11, 739
What are the prime factors of 10559?
10559
List the prime factors of 10005.
3, 5, 23, 29
List the prime factors of 3394.
2, 1697
List the prime factors of 510.
2, 3, 5, 17
What are the prime factors of 6244?
2, 7, 223
What are the prime factors of 104840?
2, 5, 2621
List the prime factors of 13595.
5, 2719
What are the prime factors of 5741?
5741
What are the prime factors of 1080?
2, 3, 5
List the prime factors of 382.
2, 191
List the prime factors of 2506.
2, 7, 179
List the prime factors of 3063.
3, 1021
List the prime factors of 40811.
37, 1103
What are the prime factors of 19175?
5, 13, 59
What are the prime factors of 3514?
2, 7, 251
What are the prime factors of 17863?
17863
List the prime factors of 1424.
2, 89
What are the prime factors of 5394?
2, 3, 29, 31
What are the prime factors of 26461?
47, 563
What are the prime factors of 99370?
2, 5, 19, 523
What are the prime factors of 9332?
2, 2333
What are the prime factors of 30?
2, 3, 5
List the prime factors of 2920.
2, 5, 73
What are the prime factors of 57165?
3, 5, 37, 103
What are the prime factors of 680?
2, 5, 17
List the prime factors of 5143.
37, 139
List the prime factors of 7377.
3, 2459
What are the prime factors of 49870?
2, 5, 4987
What are the prime factors of 968?
2, 11
What are the prime factors of 1266?
2, 3, 211
List the prime factors of 642.
2, 3, 107
What are the prime factors of 5557?
5557
List the prime factors of 6059.
73, 83
List the prime factors of 778.
2, 389
What are the prime factors of 11231?
11, 1021
List the prime factors of 43130.
2, 5, 19, 227
What are the prime factors of 14721?
3, 7, 701
What are the prime factors of 859?
859
What are the prime factors of 1573?
11, 13
What are the prime factors of 6719?
6719
List the prime factors of 17987.
17987
What are the prime factors of 405?
3, 5
List the prime factors of 7417.
7417
What are the prime facto